common factor of 214835165 and 3685.
335
Calculate the highest common factor of 120195 and 345.
15
What is the highest common divisor of 2579883919 and 16078?
8039
Calculate the highest common divisor of 2335572 and 45.
9
What is the greatest common divisor of 18332928 and 5886?
1962
What is the highest common divisor of 247744 and 5923904?
3136
Calculate the greatest common factor of 35462917 and 258.
43
Calculate the greatest common divisor of 844 and 129554.
422
What is the highest common factor of 5840 and 30061400?
2920
What is the highest common divisor of 5944944 and 159?
3
What is the highest common factor of 1080 and 12703365?
135
What is the greatest common divisor of 2147156 and 33?
11
Calculate the highest common factor of 60975875 and 253.
23
What is the highest common divisor of 142198747 and 305?
61
What is the highest common divisor of 5566 and 3624110?
46
What is the greatest common factor of 2438432 and 495578?
362
What is the highest common factor of 3909 and 25368107?
1303
Calculate the highest common divisor of 56935770 and 10.
10
Calculate the greatest common factor of 475 and 57203775.
475
Calculate the greatest common divisor of 768467742 and 93.
93
Calculate the highest common divisor of 9870 and 124751865.
4935
What is the greatest common factor of 127012973 and 443?
443
Calculate the highest common divisor of 3356848 and 2992.
176
Calculate the highest common divisor of 95416285 and 8015.
1145
Calculate the greatest common factor of 10798289 and 4902.
817
What is the greatest common divisor of 6913081 and 29330?
2933
What is the highest common factor of 25367250 and 898920?
6810
Calculate the highest common factor of 840 and 74437160.
280
What is the highest common divisor of 42106693 and 1?
1
What is the greatest common factor of 6 and 27602018?
2
What is the greatest common divisor of 884 and 7010783?
221
Calculate the highest common divisor of 1422036 and 212949.
891
Calculate the greatest common factor of 1934801 and 209.
11
What is the highest common factor of 2442 and 8022414?
222
What is the greatest common factor of 15051 and 219066?
87
Calculate the greatest common factor of 6 and 1000058.
2
Calculate the highest common factor of 1176512 and 27278.
1186
Calculate the greatest common factor of 8392990 and 4.
2
Calculate the highest common factor of 3525157 and 1.
1
What is the greatest common factor of 93 and 44695738?
31
Calculate the greatest common divisor of 143103741 and 166573.
8767
What is the highest common factor of 17250 and 109342?
46
What is the greatest common factor of 46982 and 433402?
278
Calculate the highest common factor of 5703262 and 846.
94
Calculate the highest common divisor of 214949154 and 2832.
354
What is the greatest common factor of 350923258 and 1218?
406
What is the greatest common factor of 454677 and 9331?
31
Calculate the greatest common divisor of 1564 and 2950095.
391
What is the greatest common factor of 15263209 and 26?
13
Calculate the highest common divisor of 869775 and 1900.
25
What is the highest common factor of 19003 and 70495?
613
Calculate the greatest common divisor of 838852 and 546.
14
What is the greatest common factor of 26700750 and 180?
90
Calculate the highest common factor of 85 and 126172351.
17
Calculate the highest common factor of 42 and 272661.
3
What is the greatest common divisor of 10572320 and 9504?
352
What is the greatest common divisor of 7219164 and 6954?
114
Calculate the greatest common factor of 7760 and 13100335.
485
What is the greatest common divisor of 9200 and 216820080?
1840
What is the highest common divisor of 3 and 57875154?
3
Calculate the highest common divisor of 11165531 and 104.
13
Calculate the highest common factor of 104470 and 33480.
310
What is the greatest common factor of 4280 and 8901544?
856
Calculate the greatest common divisor of 128408508 and 324.
36
What is the greatest common divisor of 91091928 and 171?
57
What is the greatest common factor of 14690753 and 3778?
1889
Calculate the highest common divisor of 48703 and 11.
1
What is the highest common divisor of 461312 and 5202?
34
Calculate the highest common divisor of 35005163 and 19.
19
What is the highest common factor of 72 and 55276551?
9
Calculate the greatest common divisor of 8040 and 839240.
40
Calculate the greatest common divisor of 31026780 and 1620.
540
Calculate the greatest common factor of 2964 and 281331518.
494
Calculate the highest common factor of 1176 and 1133454.
42
Calculate the greatest common factor of 9205209 and 119016.
261
What is the highest common divisor of 1054 and 3496391513?
527
Calculate the highest common divisor of 56890425 and 100.
25
Calculate the highest common divisor of 326076 and 11136.
348
What is the highest common factor of 2 and 92782462?
2
Calculate the highest common divisor of 1800 and 186131700.
900
What is the greatest common factor of 329516 and 101156?
44
What is the highest common divisor of 3260 and 8680565?
815
Calculate the greatest common divisor of 129420 and 72465.
15
Calculate the greatest common factor of 116364268 and 230.
46
What is the highest common factor of 23585582 and 13642?
718
Calculate the highest common factor of 362436557 and 1211.
1211
Calculate the greatest common factor of 8 and 94202904.
8
What is the highest common divisor of 1864695 and 27993?
903
What is the highest common factor of 27310031 and 86?
43
What is the greatest common factor of 17232 and 85584?
48
Calculate the greatest common factor of 2468 and 85704.
4
What is the highest common factor of 836872 and 362549?
1433
What is the highest common divisor of 1386157 and 3497?
269
What is the highest common factor of 10018330 and 240814?
2338
What is the highest common divisor of 420 and 14294070?
210
Calculate the highest common divisor of 1157317 and 259.
7
What is the greatest common factor of 110322 and 2497?
227
Calculate the greatest common factor of 315 and 20641950.
315
Calculate the greatest common divisor of 169627536 and 14378.
2054
Calculate the highest common factor of 2632 and 165277.
7
Calculate the greatest common divisor of 2524 and 516752.
4
Calculate the greatest common factor of 192654 and 91.
7
What is the greatest common divisor of 1042161024 and 24?
24
Calculate the greatest common factor of 11189026 and 1462.
34
What is the highest common factor of 629028 and 60903?
909
What is the greatest common divisor of 7650 and 5097654?
306
Calculate the greatest common factor of 98569 and 1199188.
409
Calculate the greatest common factor of 1188544 and 3920.
784
Calculate the highest common divisor of 6308 and 51148.
76
Calculate the greatest common factor of 46060 and 54936420.
6580
Calculate the greatest common divisor of 325 and 416275.
25
What is the highest common divisor of 35 and 8586785?
5
What is the highest common factor of 18219870 and 540?
270
Calculate the greatest common factor of 464 and 35278616.
232
Calculate the highest common divisor of 7728 and 13627776.
1104
What is the greatest common factor of 4128 and 124326?
6
Calculate the highest common divisor of 143616 and 668.
4
What is the highest common divisor of 5920 and 314315?
185
What is the greatest common divisor of 640 and 2941904?
16
What is the greatest common factor of 9943817 and 350818?
1703
What is the greatest common divisor of 1741 and 60941964?
1741
What is the highest common divisor of 1023 and 8492?
11
What is the greatest common factor of 707880 and 35190?
510
Calculate the highest common divisor of 3258 and 1525830.
1086
What is the highest common factor of 3441 and 2288043?
111
What is the highest common factor of 3068 and 2609452?
236
What is the highest common factor of 1368 and 3422664?
72
What is the highest common divisor of 99650064 and 48?
48
Calculate the highest common divisor of 3177073 and 6365.
67
What is the greatest common divisor of 3850 and 1831676?
154
Calculate the greatest common divisor of 972 and 715716.
324
What is the highest common factor of 1921 and 132481?
17
What is the highest common factor of 112807047 and 651?
93
Calculate the highest common factor of 311852 and 638414.
2942
Calculate the greatest common divisor of 8088997 and 634067.
2653
What is the highest common divisor of 27899453 and 